{"id":1598,"date":"2025-09-29T20:01:01","date_gmt":"2025-09-29T18:01:01","guid":{"rendered":"https:\/\/tevipa.com\/blog\/?page_id=1598"},"modified":"2025-10-05T10:16:34","modified_gmt":"2025-10-05T08:16:34","slug":"homeeo","status":"publish","type":"page","link":"https:\/\/tevipa.com\/blog\/eo\/homeeo\/","title":{"rendered":"homeEo"},"content":{"rendered":"<div class=\"wp-block-image\">\n<figure class=\"aligncenter is-resized\"><img decoding=\"async\" src=\"https:\/\/tevipa.com\/blog\/wp-content\/uploads\/2025\/07\/cropped-logo512.png\" alt=\"Icona del sito\" style=\"width:140px;height:auto\"\/><\/figure>\n<\/div>\n\n\n<h1 class=\"wp-block-heading has-text-align-center has-large-font-size\">Lastaj artikoloj<\/h1>\n\n\n<style>.wp-block-kadence-spacer.kt-block-spacer-1598_c5b84f-d8 .kt-block-spacer{height:60px;}.wp-block-kadence-spacer.kt-block-spacer-1598_c5b84f-d8 .kt-divider{border-top-width:1px;height:1px;border-top-color:#eee;width:80%;border-top-style:solid;}<\/style>\n<div class=\"wp-block-kadence-spacer aligncenter kt-block-spacer-1598_c5b84f-d8\"><div class=\"kt-block-spacer kt-block-spacer-halign-center\"><hr class=\"kt-divider\"\/><\/div><\/div>\n\n\n<ul class=\"wp-block-latest-posts__list is-grid columns-3 wp-block-latest-posts\"><li><div class=\"wp-block-latest-posts__featured-image alignleft\"><img loading=\"lazy\" decoding=\"async\" width=\"1024\" height=\"576\" src=\"https:\/\/tevipa.com\/blog\/wp-content\/uploads\/2026\/04\/BPA014_EO-1024x576.png\" class=\"attachment-large size-large wp-post-image\" alt=\"Kovrilbildo de la desegno de transformebla kolumo el unu peco en \u015dablonfarado\" style=\"\" srcset=\"https:\/\/tevipa.com\/blog\/wp-content\/uploads\/2026\/04\/BPA014_EO-1024x576.png 1024w, https:\/\/tevipa.com\/blog\/wp-content\/uploads\/2026\/04\/BPA014_EO-300x169.png 300w, https:\/\/tevipa.com\/blog\/wp-content\/uploads\/2026\/04\/BPA014_EO-768x432.png 768w, https:\/\/tevipa.com\/blog\/wp-content\/uploads\/2026\/04\/BPA014_EO-1536x864.png 1536w, https:\/\/tevipa.com\/blog\/wp-content\/uploads\/2026\/04\/BPA014_EO-2048x1152.png 2048w, https:\/\/tevipa.com\/blog\/wp-content\/uploads\/2026\/04\/BPA014_EO-1320x743.png 1320w\" sizes=\"auto, (max-width: 1024px) 100vw, 1024px\" \/><\/div><a class=\"wp-block-latest-posts__post-title\" href=\"https:\/\/tevipa.com\/blog\/eo\/desegno-de-transformebla-kolumo-el-unu-peco\/\">Desegno de transformebla kolumo el unu peco<\/a><div class=\"wp-block-latest-posts__post-excerpt\">La transformebla kolumo el unu peco estas teknika solvo kapabla konduti kiel du dum restas unu sola strukturo. Fermita, \u011di legi\u011das kiel \u0109emiza kolumo; malfermita, \u011di kreas roversojn kaj funkcias kiel tajlora kolumo.\n\nEn \u0109i tiu artikolo la tuta desegno estas klarigita pa\u015don post pa\u015do: de la mezuro de la dekolta\u0135o kaj konstruo de la kolumopiedo \u011dis la difino de la falolinio kaj la evoluo de la koluma falo. Oni anka\u016d analizas kiam \u0109i tiu tipo de kolumo estas plej utila, en tre maldikaj \u015dtofoj same kiel en dikaj materialoj.<\/div><\/li>\n<li><div class=\"wp-block-latest-posts__featured-image alignleft\"><img loading=\"lazy\" decoding=\"async\" width=\"1024\" height=\"576\" src=\"https:\/\/tevipa.com\/blog\/wp-content\/uploads\/2026\/04\/BPA012_EO-1024x576.png\" class=\"attachment-large size-large wp-post-image\" alt=\"Kovrilbildo de artikolo pri ludo kaj gradigo de sportjaka \u015dablono\" style=\"\" srcset=\"https:\/\/tevipa.com\/blog\/wp-content\/uploads\/2026\/04\/BPA012_EO-1024x576.png 1024w, https:\/\/tevipa.com\/blog\/wp-content\/uploads\/2026\/04\/BPA012_EO-300x169.png 300w, https:\/\/tevipa.com\/blog\/wp-content\/uploads\/2026\/04\/BPA012_EO-768x432.png 768w, https:\/\/tevipa.com\/blog\/wp-content\/uploads\/2026\/04\/BPA012_EO-1536x864.png 1536w, https:\/\/tevipa.com\/blog\/wp-content\/uploads\/2026\/04\/BPA012_EO-2048x1152.png 2048w, https:\/\/tevipa.com\/blog\/wp-content\/uploads\/2026\/04\/BPA012_EO-1320x743.png 1320w\" sizes=\"auto, (max-width: 1024px) 100vw, 1024px\" \/><\/div><a class=\"wp-block-latest-posts__post-title\" href=\"https:\/\/tevipa.com\/blog\/eo\/ludoj-kaj-gradigo-de-la-sportjako\/\">Ludoj kaj gradigo de la sportjako<\/a><div class=\"wp-block-latest-posts__post-excerpt\">La ludo difinas la konduton de la sportjako. En \u0109i tiu artikolo ni analizas kiel \u011di distribui\u011das en la baz\u015dablono la\u016d la brusto-konturo kaj kiel \u011di kreas malsamajn nivelojn de al\u011dustigo.\nNi enkondukas la koncepton de teknika ludo, derivita de proporcia kalkulo, kaj klarigas \u011dian variadon la\u016d grandeco. Krome, estas prezentitaj kompletaj tabeloj (de grandeco 42 \u011dis 64) kaj la necesaj pa\u015dgradigoj por skali la \u015dablonon sen perdi \u011dian konstruan logikon.<\/div><\/li>\n<li><div class=\"wp-block-latest-posts__featured-image alignleft\"><img loading=\"lazy\" decoding=\"async\" width=\"1024\" height=\"576\" src=\"https:\/\/tevipa.com\/blog\/wp-content\/uploads\/2026\/04\/BPA011_EO-1024x576.png\" class=\"attachment-large size-large wp-post-image\" alt=\"Kovrila bildo de artikolo pri sportjako kun teksto klasifiko kaj logiko de \u015dablonfarado kaj metala grafika elemento sur malhela fono\" style=\"\" srcset=\"https:\/\/tevipa.com\/blog\/wp-content\/uploads\/2026\/04\/BPA011_EO-1024x576.png 1024w, https:\/\/tevipa.com\/blog\/wp-content\/uploads\/2026\/04\/BPA011_EO-300x169.png 300w, https:\/\/tevipa.com\/blog\/wp-content\/uploads\/2026\/04\/BPA011_EO-768x432.png 768w, https:\/\/tevipa.com\/blog\/wp-content\/uploads\/2026\/04\/BPA011_EO-1536x864.png 1536w, https:\/\/tevipa.com\/blog\/wp-content\/uploads\/2026\/04\/BPA011_EO-2048x1152.png 2048w, https:\/\/tevipa.com\/blog\/wp-content\/uploads\/2026\/04\/BPA011_EO-1320x743.png 1320w\" sizes=\"auto, (max-width: 1024px) 100vw, 1024px\" \/><\/div><a class=\"wp-block-latest-posts__post-title\" href=\"https:\/\/tevipa.com\/blog\/eo\/sportjakoj-klasifiko-kaj-sablonfara-logiko\/\">Sportjakoj &#8211; klasifiko kaj \u015dablonfara logiko<\/a><div class=\"wp-block-latest-posts__post-excerpt\">La sportjako konstrui\u011das el baz\u015dablono, kiu difinas \u011dian konduton. La rilato inter la korpo kaj la desegnado ebligas difini proporciojn, liniojn kaj ludon, kiuj determinas kiel la vesto adapti\u011das, movi\u011das a\u016d reguligas sin.\n\nEl \u0109i tiu komuna bazo eblas evoluigi diversajn tipojn de sportjakoj \u2014de la plej teknikaj \u011dis la plej strukturitaj\u2014 konservante koheran logikon de \u015dablonfarado.<\/div><\/li>\n<li><div class=\"wp-block-latest-posts__featured-image alignleft\"><img loading=\"lazy\" decoding=\"async\" width=\"1024\" height=\"576\" src=\"https:\/\/tevipa.com\/blog\/wp-content\/uploads\/2026\/03\/BPA010_EO-1024x576.png\" class=\"attachment-large size-large wp-post-image\" alt=\"Baz\u015dablono de jako pa\u015do post pa\u015do kun konstruado de korpo kaj maniko\" style=\"\" srcset=\"https:\/\/tevipa.com\/blog\/wp-content\/uploads\/2026\/03\/BPA010_EO-1024x576.png 1024w, https:\/\/tevipa.com\/blog\/wp-content\/uploads\/2026\/03\/BPA010_EO-300x169.png 300w, https:\/\/tevipa.com\/blog\/wp-content\/uploads\/2026\/03\/BPA010_EO-768x432.png 768w, https:\/\/tevipa.com\/blog\/wp-content\/uploads\/2026\/03\/BPA010_EO-1536x864.png 1536w, https:\/\/tevipa.com\/blog\/wp-content\/uploads\/2026\/03\/BPA010_EO-2048x1152.png 2048w, https:\/\/tevipa.com\/blog\/wp-content\/uploads\/2026\/03\/BPA010_EO-1320x743.png 1320w\" sizes=\"auto, (max-width: 1024px) 100vw, 1024px\" \/><\/div><a class=\"wp-block-latest-posts__post-title\" href=\"https:\/\/tevipa.com\/blog\/eo\/bazsablono-de-sportjako\/\">Baz\u015dablono de sportjako<\/a><div class=\"wp-block-latest-posts__post-excerpt\">Konstruo de la baz\u015dablono de jako per strukturita sistemo kiu rilatigas korpomezurojn, proporciojn kaj geometrion de la desegno. Oni prezentas la necesajn mezurojn, ilian dedukton el la brustmezuro kaj la kompletan organizon de la \u015dablono: konstrulinioj, partoj, kudroj kaj rektaj fadenlinioj. Inkluzivas anka\u016d la logikon de la braktrua rektangulo kaj la manika rektangulo kiel bazo de la sistemo. Reproduktebla metodo por evoluigi ajnan tipon de jako kun teknika precizeco.<\/div><\/li>\n<li><div class=\"wp-block-latest-posts__featured-image alignleft\"><img loading=\"lazy\" decoding=\"async\" width=\"1024\" height=\"576\" src=\"https:\/\/tevipa.com\/blog\/wp-content\/uploads\/2026\/03\/BPA008_EO-1024x576.png\" class=\"attachment-large size-large wp-post-image\" alt=\"Bereto konstruita per parametra \u015dablonfarada sistemo bazita sur geometriaj proporcioj.\" style=\"\" srcset=\"https:\/\/tevipa.com\/blog\/wp-content\/uploads\/2026\/03\/BPA008_EO-1024x576.png 1024w, https:\/\/tevipa.com\/blog\/wp-content\/uploads\/2026\/03\/BPA008_EO-300x169.png 300w, https:\/\/tevipa.com\/blog\/wp-content\/uploads\/2026\/03\/BPA008_EO-768x432.png 768w, https:\/\/tevipa.com\/blog\/wp-content\/uploads\/2026\/03\/BPA008_EO-1536x864.png 1536w, https:\/\/tevipa.com\/blog\/wp-content\/uploads\/2026\/03\/BPA008_EO-2048x1152.png 2048w, https:\/\/tevipa.com\/blog\/wp-content\/uploads\/2026\/03\/BPA008_EO-1320x743.png 1320w\" sizes=\"auto, (max-width: 1024px) 100vw, 1024px\" \/><\/div><a class=\"wp-block-latest-posts__post-title\" href=\"https:\/\/tevipa.com\/blog\/eo\/la-bereto\/\">La bereto<\/a><div class=\"wp-block-latest-posts__post-excerpt\">La bereto estas tradicia kapvesta\u0135o kies strukturo povas esti priskribata per tre simpla geometrio: la rilato inter ekstera volumeno kaj interna aperturo kiu determinas \u011dian adapti\u011don al la kapo. El \u0109i tiu ideo evoluas parametra konstrusistemo bazita sur la kapcirkonferenco, la indekso de krania ovaleco kaj la rilato inter la supra plato, la lar\u011do de la falo kaj la interna aperturo. \u0108i tiu sistemo ebligas generi \u015dablonojn de beretoj adapteblajn al diversaj grandecoj, kraniaj proporcioj kaj dezajnaj variantoj.<\/div><\/li>\n<li><div class=\"wp-block-latest-posts__featured-image alignleft\"><img loading=\"lazy\" decoding=\"async\" width=\"1024\" height=\"576\" src=\"https:\/\/tevipa.com\/blog\/wp-content\/uploads\/2026\/02\/BPA007_EO-1-1024x576.png\" class=\"attachment-large size-large wp-post-image\" alt=\"Kovrilbildo de la artikolo Basbala \u0109apo BPA007 de Tele Virtual Patronage\" style=\"\" srcset=\"https:\/\/tevipa.com\/blog\/wp-content\/uploads\/2026\/02\/BPA007_EO-1-1024x576.png 1024w, https:\/\/tevipa.com\/blog\/wp-content\/uploads\/2026\/02\/BPA007_EO-1-300x169.png 300w, https:\/\/tevipa.com\/blog\/wp-content\/uploads\/2026\/02\/BPA007_EO-1-768x432.png 768w, https:\/\/tevipa.com\/blog\/wp-content\/uploads\/2026\/02\/BPA007_EO-1-1536x864.png 1536w, https:\/\/tevipa.com\/blog\/wp-content\/uploads\/2026\/02\/BPA007_EO-1-2048x1152.png 2048w, https:\/\/tevipa.com\/blog\/wp-content\/uploads\/2026\/02\/BPA007_EO-1-1320x743.png 1320w\" sizes=\"auto, (max-width: 1024px) 100vw, 1024px\" \/><\/div><a class=\"wp-block-latest-posts__post-title\" href=\"https:\/\/tevipa.com\/blog\/eo\/la-bazbala-capo\/\">La bazbal\u0109apo<\/a><div class=\"wp-block-latest-posts__post-excerpt\">Teknika kaj geometria analizo de la bazbal\u0109apo: difino de strukturaj partoj, proporcia sistemo de kronaltoj, matematika konstruo de paneloj, preciza kalkulo de la viziero kaj kohera gradigo por \u0109iuj grandecoj. Strukturita aliro kiu kunigas \u015dablonfaradon kaj geometrion.<\/div><\/li>\n<li><div class=\"wp-block-latest-posts__featured-image alignleft\"><img loading=\"lazy\" decoding=\"async\" width=\"1024\" height=\"576\" src=\"https:\/\/tevipa.com\/blog\/wp-content\/uploads\/2026\/02\/BPA006_EO-1024x576.png\" class=\"attachment-large size-large wp-post-image\" alt=\"Kovrilbildo de la baz\u015dablono de dupeca \u015dvitpantalono\" style=\"\" srcset=\"https:\/\/tevipa.com\/blog\/wp-content\/uploads\/2026\/02\/BPA006_EO-1024x576.png 1024w, https:\/\/tevipa.com\/blog\/wp-content\/uploads\/2026\/02\/BPA006_EO-300x169.png 300w, https:\/\/tevipa.com\/blog\/wp-content\/uploads\/2026\/02\/BPA006_EO-768x432.png 768w, https:\/\/tevipa.com\/blog\/wp-content\/uploads\/2026\/02\/BPA006_EO-1536x864.png 1536w, https:\/\/tevipa.com\/blog\/wp-content\/uploads\/2026\/02\/BPA006_EO-2048x1152.png 2048w, https:\/\/tevipa.com\/blog\/wp-content\/uploads\/2026\/02\/BPA006_EO-1320x743.png 1320w\" sizes=\"auto, (max-width: 1024px) 100vw, 1024px\" \/><\/div><a class=\"wp-block-latest-posts__post-title\" href=\"https:\/\/tevipa.com\/blog\/eo\/sablono-de-duparta-svitpantalono\/\">\u015cablono de duparta \u015dvitpantalono<\/a><div class=\"wp-block-latest-posts__post-excerpt\">Baz\u015dablono de dupeca \u015dvitpantalono, bazita sur la samaj mezuroj kaj ludo kiel la unupeca modelo, sed kun malsama konstruo de la kruro.\nLa pozicio de la rekta fadenlinio \u0109e anta\u016do kaj dorso ebligas klare distingi la malsuprajn partojn de la kruro kaj difini la pernerojn.\nTre uzata bazo por neformalaj pantalonoj, sportaj vestoj, bermudoj kaj mallongaj pantalonoj.<\/div><\/li>\n<li><div class=\"wp-block-latest-posts__featured-image alignleft\"><img loading=\"lazy\" decoding=\"async\" width=\"1024\" height=\"576\" src=\"https:\/\/tevipa.com\/blog\/wp-content\/uploads\/2026\/02\/BTR004_EO-1024x576.png\" class=\"attachment-large size-large wp-post-image\" alt=\"Flank-malfermebla pantalono kun plena flanka malfermo\" style=\"\" srcset=\"https:\/\/tevipa.com\/blog\/wp-content\/uploads\/2026\/02\/BTR004_EO-1024x576.png 1024w, https:\/\/tevipa.com\/blog\/wp-content\/uploads\/2026\/02\/BTR004_EO-300x169.png 300w, https:\/\/tevipa.com\/blog\/wp-content\/uploads\/2026\/02\/BTR004_EO-768x432.png 768w, https:\/\/tevipa.com\/blog\/wp-content\/uploads\/2026\/02\/BTR004_EO-1536x864.png 1536w, https:\/\/tevipa.com\/blog\/wp-content\/uploads\/2026\/02\/BTR004_EO-2048x1152.png 2048w, https:\/\/tevipa.com\/blog\/wp-content\/uploads\/2026\/02\/BTR004_EO-1320x743.png 1320w\" sizes=\"auto, (max-width: 1024px) 100vw, 1024px\" \/><\/div><a class=\"wp-block-latest-posts__post-title\" href=\"https:\/\/tevipa.com\/blog\/eo\/tear-away-pants-flank-malfermebla-pantalono\/\">Tear-away pants (Flank-malfermebla pantalono)<\/a><div class=\"wp-block-latest-posts__post-excerpt\">La tear-away pantalono estas transformo de unupeca \u015dvitpantalono, karakterizita per plena flanka malfermo per klak-fermiloj. \u011ci estas uzata en sporto, medicino kaj scenejo por rapida senvesti\u011do sen sen\u015duigo. La artikolo klarigas \u011dian strukturon kaj praktikajn limojn la\u016d \u015dablonfarado.<\/div><\/li>\n<li><div class=\"wp-block-latest-posts__featured-image alignleft\"><img loading=\"lazy\" decoding=\"async\" width=\"1024\" height=\"576\" src=\"https:\/\/tevipa.com\/blog\/wp-content\/uploads\/2026\/01\/BPA005_EO-1024x576.png\" class=\"attachment-large size-large wp-post-image\" alt=\"Kovrila bildo de la baz\u015dablono de unupeca sportpantalono\" style=\"\" srcset=\"https:\/\/tevipa.com\/blog\/wp-content\/uploads\/2026\/01\/BPA005_EO-1024x576.png 1024w, https:\/\/tevipa.com\/blog\/wp-content\/uploads\/2026\/01\/BPA005_EO-300x169.png 300w, https:\/\/tevipa.com\/blog\/wp-content\/uploads\/2026\/01\/BPA005_EO-768x432.png 768w, https:\/\/tevipa.com\/blog\/wp-content\/uploads\/2026\/01\/BPA005_EO-1536x864.png 1536w, https:\/\/tevipa.com\/blog\/wp-content\/uploads\/2026\/01\/BPA005_EO-2048x1152.png 2048w, https:\/\/tevipa.com\/blog\/wp-content\/uploads\/2026\/01\/BPA005_EO-1320x743.png 1320w\" sizes=\"auto, (max-width: 1024px) 100vw, 1024px\" \/><\/div><a class=\"wp-block-latest-posts__post-title\" href=\"https:\/\/tevipa.com\/blog\/eo\/bazsablono-de-unupeca-svitpantalono\/\">Baz\u015dablono de unupeca \u015dvitpantalono<\/a><div class=\"wp-block-latest-posts__post-excerpt\">\u0108i tiu artikolo klarigas la \u015dablonon de unupeca sportpantalono, simpla kaj malmulte strukturita konstruo uzata por sportaj, libertempaj kaj funkciaj vestoj. Oni priskribas \u011diajn \u0109efajn ecojn, materialojn kaj la pozicion de la talio.\nLa teksto prezentas la mezurojn necesajn por la konstruo, kun fokuso al la duona kokso-konturo kaj la sidmontanto, kaj klarigas kiel el tiuj mezuroj devenas la ceteraj dimensioj. Oni montras la diferencojn kompare kun pli strukturitaj pantalonoj.\nDetale estas traktataj la ludoj horizontale kaj vertikale, ilia interrilato kaj ilia influo al la montanto, ingveno kaj pantalon-fino. La artikolo anka\u016d klarigas la rekta fadenlinio kaj la uzeblecon por vira kaj ina morfologioj.<\/div><\/li>\n<\/ul>\n\n<style>.wp-block-kadence-spacer.kt-block-spacer-1598_6ab432-8f .kt-block-spacer{height:60px;}.wp-block-kadence-spacer.kt-block-spacer-1598_6ab432-8f .kt-divider{border-top-width:1px;height:1px;border-top-color:#eee;width:80%;border-top-style:solid;}<\/style>\n<div class=\"wp-block-kadence-spacer aligncenter kt-block-spacer-1598_6ab432-8f\"><div class=\"kt-block-spacer kt-block-spacer-halign-center\"><hr class=\"kt-divider\"\/><\/div><\/div>\n\n\n\n<p class=\"has-text-align-right\"><a href=\"https:\/\/tevipa.com\/blog\/eo\/ciuj-artikoloj\/\">&#8230;\u0108iuj artikoloj<\/a><\/p>\n","protected":false},"excerpt":{"rendered":"<p>Lastaj artikoloj &#8230;\u0108iuj artikoloj<\/p>\n","protected":false},"author":1,"featured_media":0,"parent":0,"menu_order":0,"comment_status":"closed","ping_status":"closed","template":"","meta":{"_kad_post_transparent":"","_kad_post_title":"","_kad_post_layout":"","_kad_post_sidebar_id":"","_kad_post_content_style":"","_kad_post_vertical_padding":"","_kad_post_feature":"","_kad_post_feature_position":"","_kad_post_header":false,"_kad_post_footer":false,"_kad_post_classname":"","footnotes":""},"class_list":["post-1598","page","type-page","status-publish","hentry"],"yoast_head":"<!-- This site is optimized with the Yoast SEO plugin v27.4 - https:\/\/yoast.com\/product\/yoast-seo-wordpress\/ -->\n<title>homeEo - Tele Virtual Patronage<\/title>\n<meta name=\"description\" content=\"Malkovru la plej novajn artikolojn en Tele Virtual Patronage: \u015dablonfarado, modo kaj teknika tradukado en unu loko\" \/>\n<meta name=\"robots\" content=\"index, follow, max-snippet:-1, max-image-preview:large, max-video-preview:-1\" \/>\n<link rel=\"canonical\" href=\"https:\/\/tevipa.com\/blog\/eo\/homeeo\/\" \/>\n<meta property=\"og:locale\" content=\"it_IT\" \/>\n<meta property=\"og:type\" content=\"article\" \/>\n<meta property=\"og:title\" content=\"homeEo - Tele Virtual Patronage\" \/>\n<meta property=\"og:description\" content=\"Malkovru la plej novajn artikolojn en Tele Virtual Patronage: \u015dablonfarado, modo kaj teknika tradukado en unu loko\" \/>\n<meta property=\"og:url\" content=\"https:\/\/tevipa.com\/blog\/eo\/homeeo\/\" \/>\n<meta property=\"og:site_name\" content=\"Tele Virtual Patronage\" \/>\n<meta property=\"article:modified_time\" content=\"2025-10-05T08:16:34+00:00\" \/>\n<meta property=\"og:image\" content=\"https:\/\/tevipa.com\/blog\/wp-content\/uploads\/2025\/07\/cropped-logo512.png\" \/>\n<meta name=\"twitter:card\" content=\"summary_large_image\" \/>\n<meta name=\"twitter:label1\" content=\"Tempo di lettura stimato\" \/>\n\t<meta name=\"twitter:data1\" content=\"1 minuto\" \/>\n<script type=\"application\/ld+json\" class=\"yoast-schema-graph\">{\"@context\":\"https:\\\/\\\/schema.org\",\"@graph\":[{\"@type\":\"WebPage\",\"@id\":\"https:\\\/\\\/tevipa.com\\\/blog\\\/eo\\\/homeeo\\\/\",\"url\":\"https:\\\/\\\/tevipa.com\\\/blog\\\/eo\\\/homeeo\\\/\",\"name\":\"homeEo - Tele Virtual Patronage\",\"isPartOf\":{\"@id\":\"https:\\\/\\\/tevipa.com\\\/blog\\\/#website\"},\"primaryImageOfPage\":{\"@id\":\"https:\\\/\\\/tevipa.com\\\/blog\\\/eo\\\/homeeo\\\/#primaryimage\"},\"image\":{\"@id\":\"https:\\\/\\\/tevipa.com\\\/blog\\\/eo\\\/homeeo\\\/#primaryimage\"},\"thumbnailUrl\":\"https:\\\/\\\/tevipa.com\\\/blog\\\/wp-content\\\/uploads\\\/2025\\\/07\\\/cropped-logo512.png\",\"datePublished\":\"2025-09-29T18:01:01+00:00\",\"dateModified\":\"2025-10-05T08:16:34+00:00\",\"description\":\"Malkovru la plej novajn artikolojn en Tele Virtual Patronage: \u015dablonfarado, modo kaj teknika tradukado en unu loko\",\"breadcrumb\":{\"@id\":\"https:\\\/\\\/tevipa.com\\\/blog\\\/eo\\\/homeeo\\\/#breadcrumb\"},\"inLanguage\":\"it-IT\",\"potentialAction\":[{\"@type\":\"ReadAction\",\"target\":[\"https:\\\/\\\/tevipa.com\\\/blog\\\/eo\\\/homeeo\\\/\"]}]},{\"@type\":\"ImageObject\",\"inLanguage\":\"it-IT\",\"@id\":\"https:\\\/\\\/tevipa.com\\\/blog\\\/eo\\\/homeeo\\\/#primaryimage\",\"url\":\"https:\\\/\\\/tevipa.com\\\/blog\\\/wp-content\\\/uploads\\\/2025\\\/07\\\/cropped-logo512.png\",\"contentUrl\":\"https:\\\/\\\/tevipa.com\\\/blog\\\/wp-content\\\/uploads\\\/2025\\\/07\\\/cropped-logo512.png\",\"width\":512,\"height\":512,\"caption\":\"Logo Tele Virtual Patronage\"},{\"@type\":\"BreadcrumbList\",\"@id\":\"https:\\\/\\\/tevipa.com\\\/blog\\\/eo\\\/homeeo\\\/#breadcrumb\",\"itemListElement\":[{\"@type\":\"ListItem\",\"position\":1,\"name\":\"Home\",\"item\":\"https:\\\/\\\/tevipa.com\\\/blog\\\/\"},{\"@type\":\"ListItem\",\"position\":2,\"name\":\"homeEo\"}]},{\"@type\":\"WebSite\",\"@id\":\"https:\\\/\\\/tevipa.com\\\/blog\\\/#website\",\"url\":\"https:\\\/\\\/tevipa.com\\\/blog\\\/\",\"name\":\"Tele Virtual Patronage\",\"description\":\"Tevipa\",\"publisher\":{\"@id\":\"https:\\\/\\\/tevipa.com\\\/blog\\\/#organization\"},\"potentialAction\":[{\"@type\":\"SearchAction\",\"target\":{\"@type\":\"EntryPoint\",\"urlTemplate\":\"https:\\\/\\\/tevipa.com\\\/blog\\\/?s={search_term_string}\"},\"query-input\":{\"@type\":\"PropertyValueSpecification\",\"valueRequired\":true,\"valueName\":\"search_term_string\"}}],\"inLanguage\":\"it-IT\"},{\"@type\":\"Organization\",\"@id\":\"https:\\\/\\\/tevipa.com\\\/blog\\\/#organization\",\"name\":\"Tele Virtual Patronage\",\"url\":\"https:\\\/\\\/tevipa.com\\\/blog\\\/\",\"logo\":{\"@type\":\"ImageObject\",\"inLanguage\":\"it-IT\",\"@id\":\"https:\\\/\\\/tevipa.com\\\/blog\\\/#\\\/schema\\\/logo\\\/image\\\/\",\"url\":\"https:\\\/\\\/tevipa.com\\\/blog\\\/wp-content\\\/uploads\\\/2025\\\/07\\\/logo512.png\",\"contentUrl\":\"https:\\\/\\\/tevipa.com\\\/blog\\\/wp-content\\\/uploads\\\/2025\\\/07\\\/logo512.png\",\"width\":512,\"height\":512,\"caption\":\"Tele Virtual Patronage\"},\"image\":{\"@id\":\"https:\\\/\\\/tevipa.com\\\/blog\\\/#\\\/schema\\\/logo\\\/image\\\/\"}}]}<\/script>\n<!-- \/ Yoast SEO plugin. -->","yoast_head_json":{"title":"homeEo - Tele Virtual Patronage","description":"Malkovru la plej novajn artikolojn en Tele Virtual Patronage: \u015dablonfarado, modo kaj teknika tradukado en unu loko","robots":{"index":"index","follow":"follow","max-snippet":"max-snippet:-1","max-image-preview":"max-image-preview:large","max-video-preview":"max-video-preview:-1"},"canonical":"https:\/\/tevipa.com\/blog\/eo\/homeeo\/","og_locale":"it_IT","og_type":"article","og_title":"homeEo - Tele Virtual Patronage","og_description":"Malkovru la plej novajn artikolojn en Tele Virtual Patronage: \u015dablonfarado, modo kaj teknika tradukado en unu loko","og_url":"https:\/\/tevipa.com\/blog\/eo\/homeeo\/","og_site_name":"Tele Virtual Patronage","article_modified_time":"2025-10-05T08:16:34+00:00","og_image":[{"url":"https:\/\/tevipa.com\/blog\/wp-content\/uploads\/2025\/07\/cropped-logo512.png","type":"","width":"","height":""}],"twitter_card":"summary_large_image","twitter_misc":{"Tempo di lettura stimato":"1 minuto"},"schema":{"@context":"https:\/\/schema.org","@graph":[{"@type":"WebPage","@id":"https:\/\/tevipa.com\/blog\/eo\/homeeo\/","url":"https:\/\/tevipa.com\/blog\/eo\/homeeo\/","name":"homeEo - Tele Virtual Patronage","isPartOf":{"@id":"https:\/\/tevipa.com\/blog\/#website"},"primaryImageOfPage":{"@id":"https:\/\/tevipa.com\/blog\/eo\/homeeo\/#primaryimage"},"image":{"@id":"https:\/\/tevipa.com\/blog\/eo\/homeeo\/#primaryimage"},"thumbnailUrl":"https:\/\/tevipa.com\/blog\/wp-content\/uploads\/2025\/07\/cropped-logo512.png","datePublished":"2025-09-29T18:01:01+00:00","dateModified":"2025-10-05T08:16:34+00:00","description":"Malkovru la plej novajn artikolojn en Tele Virtual Patronage: \u015dablonfarado, modo kaj teknika tradukado en unu loko","breadcrumb":{"@id":"https:\/\/tevipa.com\/blog\/eo\/homeeo\/#breadcrumb"},"inLanguage":"it-IT","potentialAction":[{"@type":"ReadAction","target":["https:\/\/tevipa.com\/blog\/eo\/homeeo\/"]}]},{"@type":"ImageObject","inLanguage":"it-IT","@id":"https:\/\/tevipa.com\/blog\/eo\/homeeo\/#primaryimage","url":"https:\/\/tevipa.com\/blog\/wp-content\/uploads\/2025\/07\/cropped-logo512.png","contentUrl":"https:\/\/tevipa.com\/blog\/wp-content\/uploads\/2025\/07\/cropped-logo512.png","width":512,"height":512,"caption":"Logo Tele Virtual Patronage"},{"@type":"BreadcrumbList","@id":"https:\/\/tevipa.com\/blog\/eo\/homeeo\/#breadcrumb","itemListElement":[{"@type":"ListItem","position":1,"name":"Home","item":"https:\/\/tevipa.com\/blog\/"},{"@type":"ListItem","position":2,"name":"homeEo"}]},{"@type":"WebSite","@id":"https:\/\/tevipa.com\/blog\/#website","url":"https:\/\/tevipa.com\/blog\/","name":"Tele Virtual Patronage","description":"Tevipa","publisher":{"@id":"https:\/\/tevipa.com\/blog\/#organization"},"potentialAction":[{"@type":"SearchAction","target":{"@type":"EntryPoint","urlTemplate":"https:\/\/tevipa.com\/blog\/?s={search_term_string}"},"query-input":{"@type":"PropertyValueSpecification","valueRequired":true,"valueName":"search_term_string"}}],"inLanguage":"it-IT"},{"@type":"Organization","@id":"https:\/\/tevipa.com\/blog\/#organization","name":"Tele Virtual Patronage","url":"https:\/\/tevipa.com\/blog\/","logo":{"@type":"ImageObject","inLanguage":"it-IT","@id":"https:\/\/tevipa.com\/blog\/#\/schema\/logo\/image\/","url":"https:\/\/tevipa.com\/blog\/wp-content\/uploads\/2025\/07\/logo512.png","contentUrl":"https:\/\/tevipa.com\/blog\/wp-content\/uploads\/2025\/07\/logo512.png","width":512,"height":512,"caption":"Tele Virtual Patronage"},"image":{"@id":"https:\/\/tevipa.com\/blog\/#\/schema\/logo\/image\/"}}]}},"_links":{"self":[{"href":"https:\/\/tevipa.com\/blog\/wp-json\/wp\/v2\/pages\/1598","targetHints":{"allow":["GET"]}}],"collection":[{"href":"https:\/\/tevipa.com\/blog\/wp-json\/wp\/v2\/pages"}],"about":[{"href":"https:\/\/tevipa.com\/blog\/wp-json\/wp\/v2\/types\/page"}],"author":[{"embeddable":true,"href":"https:\/\/tevipa.com\/blog\/wp-json\/wp\/v2\/users\/1"}],"replies":[{"embeddable":true,"href":"https:\/\/tevipa.com\/blog\/wp-json\/wp\/v2\/comments?post=1598"}],"version-history":[{"count":5,"href":"https:\/\/tevipa.com\/blog\/wp-json\/wp\/v2\/pages\/1598\/revisions"}],"predecessor-version":[{"id":2059,"href":"https:\/\/tevipa.com\/blog\/wp-json\/wp\/v2\/pages\/1598\/revisions\/2059"}],"wp:attachment":[{"href":"https:\/\/tevipa.com\/blog\/wp-json\/wp\/v2\/media?parent=1598"}],"curies":[{"name":"wp","href":"https:\/\/api.w.org\/{rel}","templated":true}]}}