{"id":1593,"date":"2025-09-29T20:02:23","date_gmt":"2025-09-29T18:02:23","guid":{"rendered":"https:\/\/tevipa.com\/blog\/?page_id=1593"},"modified":"2025-10-05T10:15:09","modified_gmt":"2025-10-05T08:15:09","slug":"home-fr","status":"publish","type":"page","link":"https:\/\/tevipa.com\/blog\/fr\/home-fr\/","title":{"rendered":"homeFr"},"content":{"rendered":"<div class=\"wp-block-image\">\n<figure class=\"aligncenter is-resized\"><img decoding=\"async\" src=\"https:\/\/tevipa.com\/blog\/wp-content\/uploads\/2025\/07\/cropped-logo512.png\" alt=\"Icona del sito\" style=\"width:140px;height:auto\"\/><\/figure>\n<\/div>\n\n\n<h1 class=\"wp-block-heading has-text-align-center has-large-font-size\">Derniers articles<\/h1>\n\n\n<style>.wp-block-kadence-spacer.kt-block-spacer-1593_ea37e6-a6 .kt-block-spacer{height:60px;}.wp-block-kadence-spacer.kt-block-spacer-1593_ea37e6-a6 .kt-divider{border-top-width:1px;height:1px;border-top-color:#eee;width:80%;border-top-style:solid;}<\/style>\n<div class=\"wp-block-kadence-spacer aligncenter kt-block-spacer-1593_ea37e6-a6\"><div class=\"kt-block-spacer kt-block-spacer-halign-center\"><hr class=\"kt-divider\"\/><\/div><\/div>\n\n\n<ul class=\"wp-block-latest-posts__list is-grid columns-3 wp-block-latest-posts\"><li><div class=\"wp-block-latest-posts__featured-image alignleft\"><img loading=\"lazy\" decoding=\"async\" width=\"1024\" height=\"576\" src=\"https:\/\/tevipa.com\/blog\/wp-content\/uploads\/2026\/04\/BPA011_FR-1024x576.png\" class=\"attachment-large size-large wp-post-image\" alt=\"Image de couverture d\u2019un article sur le blouson avec titre classification et logique de patronnage et \u00e9l\u00e9ment graphique m\u00e9tallique sur fond sombre\" style=\"\" srcset=\"https:\/\/tevipa.com\/blog\/wp-content\/uploads\/2026\/04\/BPA011_FR-1024x576.png 1024w, https:\/\/tevipa.com\/blog\/wp-content\/uploads\/2026\/04\/BPA011_FR-300x169.png 300w, https:\/\/tevipa.com\/blog\/wp-content\/uploads\/2026\/04\/BPA011_FR-768x432.png 768w, https:\/\/tevipa.com\/blog\/wp-content\/uploads\/2026\/04\/BPA011_FR-1536x864.png 1536w, https:\/\/tevipa.com\/blog\/wp-content\/uploads\/2026\/04\/BPA011_FR-2048x1152.png 2048w, https:\/\/tevipa.com\/blog\/wp-content\/uploads\/2026\/04\/BPA011_FR-1320x743.png 1320w\" sizes=\"auto, (max-width: 1024px) 100vw, 1024px\" \/><\/div><a class=\"wp-block-latest-posts__post-title\" href=\"https:\/\/tevipa.com\/blog\/fr\/blousons-classification-et-logique-de-patronage\/\">Blousons &#8211; classification et logique de patronage<\/a><div class=\"wp-block-latest-posts__post-excerpt\">Le blouson se construit \u00e0 partir d\u2019un patron de base qui d\u00e9finit son comportement. La relation entre le corps et le trac\u00e9 permet d\u2019\u00e9tablir des proportions, des lignes et des aisances qui d\u00e9terminent comment la pi\u00e8ce s\u2019adapte, se d\u00e9place ou se r\u00e9gule.\n\n\u00c0 partir de cette base commune, il est possible de d\u00e9velopper diff\u00e9rents types de blousons \u2014des plus techniques aux plus structur\u00e9s\u2014 en conservant une logique coh\u00e9rente de patronnage.<\/div><\/li>\n<li><div class=\"wp-block-latest-posts__featured-image alignleft\"><img loading=\"lazy\" decoding=\"async\" width=\"1024\" height=\"576\" src=\"https:\/\/tevipa.com\/blog\/wp-content\/uploads\/2026\/03\/BPA010_FR-1024x576.png\" class=\"attachment-large size-large wp-post-image\" alt=\"Patron de base du blouson pas \u00e0 pas avec trac\u00e9 du corps et de la manche\" style=\"\" srcset=\"https:\/\/tevipa.com\/blog\/wp-content\/uploads\/2026\/03\/BPA010_FR-1024x576.png 1024w, https:\/\/tevipa.com\/blog\/wp-content\/uploads\/2026\/03\/BPA010_FR-300x169.png 300w, https:\/\/tevipa.com\/blog\/wp-content\/uploads\/2026\/03\/BPA010_FR-768x432.png 768w, https:\/\/tevipa.com\/blog\/wp-content\/uploads\/2026\/03\/BPA010_FR-1536x864.png 1536w, https:\/\/tevipa.com\/blog\/wp-content\/uploads\/2026\/03\/BPA010_FR-2048x1152.png 2048w, https:\/\/tevipa.com\/blog\/wp-content\/uploads\/2026\/03\/BPA010_FR-1320x743.png 1320w\" sizes=\"auto, (max-width: 1024px) 100vw, 1024px\" \/><\/div><a class=\"wp-block-latest-posts__post-title\" href=\"https:\/\/tevipa.com\/blog\/fr\/patron-de-base-du-blouson\/\">Patron de base du blouson<\/a><div class=\"wp-block-latest-posts__post-excerpt\">Construction du patron de base du blouson \u00e0 partir d\u2019un syst\u00e8me structur\u00e9 reliant mesures du corps, proportions et g\u00e9om\u00e9trie du trac\u00e9. Les mesures n\u00e9cessaires sont d\u00e9velopp\u00e9es, ainsi que leur d\u00e9duction \u00e0 partir du tour de poitrine, et l\u2019organisation compl\u00e8te du patron: lignes de construction, pi\u00e8ces, coutures et droits fils. Inclut \u00e9galement la logique du rectangle d\u2019emmanchure et du rectangle de manche. Une m\u00e9thode reproductible permettant de d\u00e9velopper tout type de blouson avec pr\u00e9cision technique.<\/div><\/li>\n<li><div class=\"wp-block-latest-posts__featured-image alignleft\"><img loading=\"lazy\" decoding=\"async\" width=\"1024\" height=\"576\" src=\"https:\/\/tevipa.com\/blog\/wp-content\/uploads\/2026\/03\/BPA009_FR-1024x576.png\" class=\"attachment-large size-large wp-post-image\" alt=\"bob bucket hat patron couture chapeaux Tele Virtual Patronage\" style=\"\" srcset=\"https:\/\/tevipa.com\/blog\/wp-content\/uploads\/2026\/03\/BPA009_FR-1024x576.png 1024w, https:\/\/tevipa.com\/blog\/wp-content\/uploads\/2026\/03\/BPA009_FR-300x169.png 300w, https:\/\/tevipa.com\/blog\/wp-content\/uploads\/2026\/03\/BPA009_FR-768x432.png 768w, https:\/\/tevipa.com\/blog\/wp-content\/uploads\/2026\/03\/BPA009_FR-1536x864.png 1536w, https:\/\/tevipa.com\/blog\/wp-content\/uploads\/2026\/03\/BPA009_FR-2048x1152.png 2048w, https:\/\/tevipa.com\/blog\/wp-content\/uploads\/2026\/03\/BPA009_FR-1320x743.png 1320w\" sizes=\"auto, (max-width: 1024px) 100vw, 1024px\" \/><\/div><a class=\"wp-block-latest-posts__post-title\" href=\"https:\/\/tevipa.com\/blog\/fr\/le-bob\/\">Le bob<\/a><div class=\"wp-block-latest-posts__post-excerpt\">Le bob \u2014 connu internationalement sous le nom de bucket hat \u2014 est un chapeau \u00e0 calotte souple avec un bord inclin\u00e9 qui entoure toute la t\u00eate. Cet article explique son origine, sa logique g\u00e9om\u00e9trique et la m\u00e9thode de patronage permettant de construire le mod\u00e8le \u00e0 partir des mesures r\u00e9elles de la t\u00eate.<\/div><\/li>\n<li><div class=\"wp-block-latest-posts__featured-image alignleft\"><img loading=\"lazy\" decoding=\"async\" width=\"1024\" height=\"576\" src=\"https:\/\/tevipa.com\/blog\/wp-content\/uploads\/2026\/03\/BPA008_FR-1024x576.png\" class=\"attachment-large size-large wp-post-image\" alt=\"B\u00e9ret construit selon un syst\u00e8me param\u00e9trique de patronage bas\u00e9 sur des proportions g\u00e9om\u00e9triques.\" style=\"\" srcset=\"https:\/\/tevipa.com\/blog\/wp-content\/uploads\/2026\/03\/BPA008_FR-1024x576.png 1024w, https:\/\/tevipa.com\/blog\/wp-content\/uploads\/2026\/03\/BPA008_FR-300x169.png 300w, https:\/\/tevipa.com\/blog\/wp-content\/uploads\/2026\/03\/BPA008_FR-768x432.png 768w, https:\/\/tevipa.com\/blog\/wp-content\/uploads\/2026\/03\/BPA008_FR-1536x864.png 1536w, https:\/\/tevipa.com\/blog\/wp-content\/uploads\/2026\/03\/BPA008_FR-2048x1152.png 2048w, https:\/\/tevipa.com\/blog\/wp-content\/uploads\/2026\/03\/BPA008_FR-1320x743.png 1320w\" sizes=\"auto, (max-width: 1024px) 100vw, 1024px\" \/><\/div><a class=\"wp-block-latest-posts__post-title\" href=\"https:\/\/tevipa.com\/blog\/fr\/le-beret\/\">Le b\u00e9ret<\/a><div class=\"wp-block-latest-posts__post-excerpt\">Le b\u00e9ret est un couvre-chef traditionnel dont la structure peut \u00eatre d\u00e9crite \u00e0 l\u2019aide d\u2019une g\u00e9om\u00e9trie tr\u00e8s simple : la relation entre un volume ext\u00e9rieur et une ouverture int\u00e9rieure qui d\u00e9termine son ajustement sur la t\u00eate. \u00c0 partir de cette id\u00e9e se d\u00e9veloppe un syst\u00e8me param\u00e9trique de construction fond\u00e9 sur le tour de t\u00eate, l\u2019indice d\u2019ovalit\u00e9 cr\u00e2nienne et la relation entre le plateau, l\u2019ampleur du tomb\u00e9 et l\u2019ouverture int\u00e9rieure. Ce syst\u00e8me permet de g\u00e9n\u00e9rer des patrons de b\u00e9ret adaptables \u00e0 diff\u00e9rentes tailles, proportions cr\u00e2niennes et variantes de conception.<\/div><\/li>\n<li><div class=\"wp-block-latest-posts__featured-image alignleft\"><img loading=\"lazy\" decoding=\"async\" width=\"1024\" height=\"576\" src=\"https:\/\/tevipa.com\/blog\/wp-content\/uploads\/2026\/02\/BPA007_FR-1024x576.png\" class=\"attachment-large size-large wp-post-image\" alt=\"Image de couverture de l\u2019article Casquette de baseball BPA007 par Tele Virtual Patronage\" style=\"\" srcset=\"https:\/\/tevipa.com\/blog\/wp-content\/uploads\/2026\/02\/BPA007_FR-1024x576.png 1024w, https:\/\/tevipa.com\/blog\/wp-content\/uploads\/2026\/02\/BPA007_FR-300x169.png 300w, https:\/\/tevipa.com\/blog\/wp-content\/uploads\/2026\/02\/BPA007_FR-768x432.png 768w, https:\/\/tevipa.com\/blog\/wp-content\/uploads\/2026\/02\/BPA007_FR-1536x864.png 1536w, https:\/\/tevipa.com\/blog\/wp-content\/uploads\/2026\/02\/BPA007_FR-2048x1152.png 2048w, https:\/\/tevipa.com\/blog\/wp-content\/uploads\/2026\/02\/BPA007_FR-1320x743.png 1320w\" sizes=\"auto, (max-width: 1024px) 100vw, 1024px\" \/><\/div><a class=\"wp-block-latest-posts__post-title\" href=\"https:\/\/tevipa.com\/blog\/fr\/la-casquette-de-baseball\/\">La casquette de baseball<\/a><div class=\"wp-block-latest-posts__post-excerpt\">\u00c9tude technique et g\u00e9om\u00e9trique de la casquette de baseball : d\u00e9finition des \u00e9l\u00e9ments structurels, syst\u00e8me proportionnel des hauteurs de calotte, construction math\u00e9matique des panneaux, calcul pr\u00e9cis de la visi\u00e8re et gradation coh\u00e9rente pour toutes les tailles. Une approche structur\u00e9e reliant patronage et proportion.<\/div><\/li>\n<li><div class=\"wp-block-latest-posts__featured-image alignleft\"><img loading=\"lazy\" decoding=\"async\" width=\"1024\" height=\"576\" src=\"https:\/\/tevipa.com\/blog\/wp-content\/uploads\/2026\/02\/BPA006_FR-1024x576.png\" class=\"attachment-large size-large wp-post-image\" alt=\"Image de couverture du patron du pantalon de surv\u00eatement en deux pi\u00e8ces\" style=\"\" srcset=\"https:\/\/tevipa.com\/blog\/wp-content\/uploads\/2026\/02\/BPA006_FR-1024x576.png 1024w, https:\/\/tevipa.com\/blog\/wp-content\/uploads\/2026\/02\/BPA006_FR-300x169.png 300w, https:\/\/tevipa.com\/blog\/wp-content\/uploads\/2026\/02\/BPA006_FR-768x432.png 768w, https:\/\/tevipa.com\/blog\/wp-content\/uploads\/2026\/02\/BPA006_FR-1536x864.png 1536w, https:\/\/tevipa.com\/blog\/wp-content\/uploads\/2026\/02\/BPA006_FR-2048x1152.png 2048w, https:\/\/tevipa.com\/blog\/wp-content\/uploads\/2026\/02\/BPA006_FR-1320x743.png 1320w\" sizes=\"auto, (max-width: 1024px) 100vw, 1024px\" \/><\/div><a class=\"wp-block-latest-posts__post-title\" href=\"https:\/\/tevipa.com\/blog\/fr\/patron-du-pantalon-de-survetement-en-deux-pieces\/\">Patron du pantalon de surv\u00eatement en deux pi\u00e8ces<\/a><div class=\"wp-block-latest-posts__post-excerpt\">Patron du pantalon de surv\u00eatement en deux pi\u00e8ces bas\u00e9 sur les m\u00eames mesures et les m\u00eames aisances que le mod\u00e8le en une seule pi\u00e8ce, mais avec une construction diff\u00e9rente de la jambe.\nLa position du droit fil sur le devant et le dos permet de distinguer clairement les zones inf\u00e9rieures de la jambe et de structurer les perneras.\nUne base tr\u00e8s utilis\u00e9e pour pantalons casual, v\u00eatements sportifs, bermudas et shorts.<\/div><\/li>\n<li><div class=\"wp-block-latest-posts__featured-image alignleft\"><img loading=\"lazy\" decoding=\"async\" width=\"1024\" height=\"576\" src=\"https:\/\/tevipa.com\/blog\/wp-content\/uploads\/2026\/02\/BTR004_FR-1024x576.png\" class=\"attachment-large size-large wp-post-image\" alt=\"Pantalon tear-away avec ouverture lat\u00e9rale par boutons pression\" style=\"\" srcset=\"https:\/\/tevipa.com\/blog\/wp-content\/uploads\/2026\/02\/BTR004_FR-1024x576.png 1024w, https:\/\/tevipa.com\/blog\/wp-content\/uploads\/2026\/02\/BTR004_FR-300x169.png 300w, https:\/\/tevipa.com\/blog\/wp-content\/uploads\/2026\/02\/BTR004_FR-768x432.png 768w, https:\/\/tevipa.com\/blog\/wp-content\/uploads\/2026\/02\/BTR004_FR-1536x864.png 1536w, https:\/\/tevipa.com\/blog\/wp-content\/uploads\/2026\/02\/BTR004_FR-2048x1152.png 2048w, https:\/\/tevipa.com\/blog\/wp-content\/uploads\/2026\/02\/BTR004_FR-1320x743.png 1320w\" sizes=\"auto, (max-width: 1024px) 100vw, 1024px\" \/><\/div><a class=\"wp-block-latest-posts__post-title\" href=\"https:\/\/tevipa.com\/blog\/fr\/pantalon-tear-away\/\">Pantalon tear-away<\/a><div class=\"wp-block-latest-posts__post-excerpt\">Le pantalon tear-away est une transformation du pantalon de surv\u00eatement en une pi\u00e8ce, caract\u00e9ris\u00e9e par une ouverture lat\u00e9rale compl\u00e8te \u00e0 boutons pression. Utilis\u00e9 dans le sport, le milieu m\u00e9dical et la sc\u00e8ne, il permet de se d\u00e9v\u00eatir rapidement sans se d\u00e9chausser. Cet article en analyse la logique constructive et les limites fonctionnelles.<\/div><\/li>\n<li><div class=\"wp-block-latest-posts__featured-image alignleft\"><img loading=\"lazy\" decoding=\"async\" width=\"1024\" height=\"576\" src=\"https:\/\/tevipa.com\/blog\/wp-content\/uploads\/2026\/01\/BPA005_FR-1024x576.png\" class=\"attachment-large size-large wp-post-image\" alt=\"Image de couverture du patron du pantalon de surv\u00eatement en une seule pi\u00e8ce\" style=\"\" srcset=\"https:\/\/tevipa.com\/blog\/wp-content\/uploads\/2026\/01\/BPA005_FR-1024x576.png 1024w, https:\/\/tevipa.com\/blog\/wp-content\/uploads\/2026\/01\/BPA005_FR-300x169.png 300w, https:\/\/tevipa.com\/blog\/wp-content\/uploads\/2026\/01\/BPA005_FR-768x432.png 768w, https:\/\/tevipa.com\/blog\/wp-content\/uploads\/2026\/01\/BPA005_FR-1536x864.png 1536w, https:\/\/tevipa.com\/blog\/wp-content\/uploads\/2026\/01\/BPA005_FR-2048x1152.png 2048w, https:\/\/tevipa.com\/blog\/wp-content\/uploads\/2026\/01\/BPA005_FR-1320x743.png 1320w\" sizes=\"auto, (max-width: 1024px) 100vw, 1024px\" \/><\/div><a class=\"wp-block-latest-posts__post-title\" href=\"https:\/\/tevipa.com\/blog\/fr\/patron-du-pantalon-de-survetement-en-une-seule-piece\/\">Patron du pantalon de surv\u00eatement en une seule pi\u00e8ce<\/a><div class=\"wp-block-latest-posts__post-excerpt\">Cet article pr\u00e9sente le patron du pantalon de surv\u00eatement en une seule pi\u00e8ce, une construction simple et peu structur\u00e9e utilis\u00e9e pour les v\u00eatements de sport, de d\u00e9tente et de travail. Il en d\u00e9crit les caract\u00e9ristiques, les tissus employ\u00e9s et la position de la taille par rapport au corps.\nLe texte explique les mesures n\u00e9cessaires au trac\u00e9, en mettant l\u2019accent sur le demi-tour de hanches et le montante assise, ainsi que sur la mani\u00e8re dont les autres dimensions sont d\u00e9duites. Les diff\u00e9rences m\u00e9thodologiques avec les pantalons plus structur\u00e9s sont clairement expos\u00e9es.\nLes aisances horizontales et verticales sont analys\u00e9es en d\u00e9tail, ainsi que leur impact sur la fourche, le montante et le bas de jambe. Enfin, l\u2019article pr\u00e9cise la position du droit fil et justifie l\u2019utilisation de ce patron pour les morphologies masculines et f\u00e9minines.<\/div><\/li>\n<li><div class=\"wp-block-latest-posts__featured-image alignleft\"><img loading=\"lazy\" decoding=\"async\" width=\"1024\" height=\"576\" src=\"https:\/\/tevipa.com\/blog\/wp-content\/uploads\/2026\/01\/BME004_FR-1024x576.png\" class=\"attachment-large size-large wp-post-image\" alt=\"Le corps de l\u2019homme et de la femme en patronage, morphologie et proportions du corps humain\" style=\"\" srcset=\"https:\/\/tevipa.com\/blog\/wp-content\/uploads\/2026\/01\/BME004_FR-1024x576.png 1024w, https:\/\/tevipa.com\/blog\/wp-content\/uploads\/2026\/01\/BME004_FR-300x169.png 300w, https:\/\/tevipa.com\/blog\/wp-content\/uploads\/2026\/01\/BME004_FR-768x432.png 768w, https:\/\/tevipa.com\/blog\/wp-content\/uploads\/2026\/01\/BME004_FR-1536x864.png 1536w, https:\/\/tevipa.com\/blog\/wp-content\/uploads\/2026\/01\/BME004_FR-2048x1152.png 2048w, https:\/\/tevipa.com\/blog\/wp-content\/uploads\/2026\/01\/BME004_FR-1320x743.png 1320w\" sizes=\"auto, (max-width: 1024px) 100vw, 1024px\" \/><\/div><a class=\"wp-block-latest-posts__post-title\" href=\"https:\/\/tevipa.com\/blog\/fr\/le-corps-de-lhomme-et-de-la-femme-morphologie-et-proportions\/\">Le corps de l\u2019homme et de la femme : morphologie et proportions<\/a><div class=\"wp-block-latest-posts__post-excerpt\">Cet article aborde la question du corps de r\u00e9f\u00e9rence le plus appropri\u00e9 pour l\u2019\u00e9tude technique du patronage et explique pourquoi l\u2019on part traditionnellement du corps de morphologie masculine. Il pr\u00e9sente les principales diff\u00e9rences morphologiques entre l\u2019homme et la femme et leur impact sur les proportions et la construction du patron. Le contenu est d\u00e9velopp\u00e9 en profondeur dans la vid\u00e9o incluse sur la page.<\/div><\/li>\n<\/ul>\n\n<style>.wp-block-kadence-spacer.kt-block-spacer-1593_46e6e5-f5 .kt-block-spacer{height:60px;}.wp-block-kadence-spacer.kt-block-spacer-1593_46e6e5-f5 .kt-divider{border-top-width:1px;height:1px;border-top-color:#eee;width:80%;border-top-style:solid;}<\/style>\n<div class=\"wp-block-kadence-spacer aligncenter kt-block-spacer-1593_46e6e5-f5\"><div class=\"kt-block-spacer kt-block-spacer-halign-center\"><hr class=\"kt-divider\"\/><\/div><\/div>\n\n\n\n<p class=\"has-text-align-right\"><a href=\"https:\/\/tevipa.com\/blog\/fr\/tous-les-articles\/\">&#8230;tous les articles<\/a><\/p>\n","protected":false},"excerpt":{"rendered":"<p>Derniers articles &#8230;tous les articles<\/p>\n","protected":false},"author":1,"featured_media":0,"parent":0,"menu_order":0,"comment_status":"closed","ping_status":"closed","template":"","meta":{"_kad_post_transparent":"","_kad_post_title":"","_kad_post_layout":"","_kad_post_sidebar_id":"","_kad_post_content_style":"","_kad_post_vertical_padding":"","_kad_post_feature":"","_kad_post_feature_position":"","_kad_post_header":false,"_kad_post_footer":false,"_kad_post_classname":"","footnotes":""},"class_list":["post-1593","page","type-page","status-publish","hentry"],"yoast_head":"<!-- This site is optimized with the Yoast SEO plugin v27.3 - https:\/\/yoast.com\/product\/yoast-seo-wordpress\/ -->\n<title>homeFr - Tele Virtual Patronage<\/title>\n<meta name=\"description\" content=\"D\u00e9couvrez les derniers articles du Tele Virtual Patronage : mod\u00e9lisme, mode et traduction technique r\u00e9unis en un seul espace\" \/>\n<meta name=\"robots\" content=\"index, follow, max-snippet:-1, max-image-preview:large, max-video-preview:-1\" \/>\n<link rel=\"canonical\" href=\"https:\/\/tevipa.com\/blog\/fr\/home-fr\/\" \/>\n<meta property=\"og:locale\" content=\"it_IT\" \/>\n<meta property=\"og:type\" content=\"article\" \/>\n<meta property=\"og:title\" content=\"homeFr - Tele Virtual Patronage\" \/>\n<meta property=\"og:description\" content=\"D\u00e9couvrez les derniers articles du Tele Virtual Patronage : mod\u00e9lisme, mode et traduction technique r\u00e9unis en un seul espace\" \/>\n<meta property=\"og:url\" content=\"https:\/\/tevipa.com\/blog\/fr\/home-fr\/\" \/>\n<meta property=\"og:site_name\" content=\"Tele Virtual Patronage\" \/>\n<meta property=\"article:modified_time\" content=\"2025-10-05T08:15:09+00:00\" \/>\n<meta property=\"og:image\" content=\"https:\/\/tevipa.com\/blog\/wp-content\/uploads\/2025\/07\/cropped-logo512.png\" \/>\n<meta name=\"twitter:card\" content=\"summary_large_image\" \/>\n<meta name=\"twitter:label1\" content=\"Tempo di lettura stimato\" \/>\n\t<meta name=\"twitter:data1\" content=\"1 minuto\" \/>\n<script type=\"application\/ld+json\" class=\"yoast-schema-graph\">{\"@context\":\"https:\\\/\\\/schema.org\",\"@graph\":[{\"@type\":\"WebPage\",\"@id\":\"https:\\\/\\\/tevipa.com\\\/blog\\\/fr\\\/home-fr\\\/\",\"url\":\"https:\\\/\\\/tevipa.com\\\/blog\\\/fr\\\/home-fr\\\/\",\"name\":\"homeFr - Tele Virtual Patronage\",\"isPartOf\":{\"@id\":\"https:\\\/\\\/tevipa.com\\\/blog\\\/#website\"},\"primaryImageOfPage\":{\"@id\":\"https:\\\/\\\/tevipa.com\\\/blog\\\/fr\\\/home-fr\\\/#primaryimage\"},\"image\":{\"@id\":\"https:\\\/\\\/tevipa.com\\\/blog\\\/fr\\\/home-fr\\\/#primaryimage\"},\"thumbnailUrl\":\"https:\\\/\\\/tevipa.com\\\/blog\\\/wp-content\\\/uploads\\\/2025\\\/07\\\/cropped-logo512.png\",\"datePublished\":\"2025-09-29T18:02:23+00:00\",\"dateModified\":\"2025-10-05T08:15:09+00:00\",\"description\":\"D\u00e9couvrez les derniers articles du Tele Virtual Patronage : mod\u00e9lisme, mode et traduction technique r\u00e9unis en un seul espace\",\"breadcrumb\":{\"@id\":\"https:\\\/\\\/tevipa.com\\\/blog\\\/fr\\\/home-fr\\\/#breadcrumb\"},\"inLanguage\":\"it-IT\",\"potentialAction\":[{\"@type\":\"ReadAction\",\"target\":[\"https:\\\/\\\/tevipa.com\\\/blog\\\/fr\\\/home-fr\\\/\"]}]},{\"@type\":\"ImageObject\",\"inLanguage\":\"it-IT\",\"@id\":\"https:\\\/\\\/tevipa.com\\\/blog\\\/fr\\\/home-fr\\\/#primaryimage\",\"url\":\"https:\\\/\\\/tevipa.com\\\/blog\\\/wp-content\\\/uploads\\\/2025\\\/07\\\/cropped-logo512.png\",\"contentUrl\":\"https:\\\/\\\/tevipa.com\\\/blog\\\/wp-content\\\/uploads\\\/2025\\\/07\\\/cropped-logo512.png\",\"width\":512,\"height\":512,\"caption\":\"Logo Tele Virtual Patronage\"},{\"@type\":\"BreadcrumbList\",\"@id\":\"https:\\\/\\\/tevipa.com\\\/blog\\\/fr\\\/home-fr\\\/#breadcrumb\",\"itemListElement\":[{\"@type\":\"ListItem\",\"position\":1,\"name\":\"Home\",\"item\":\"https:\\\/\\\/tevipa.com\\\/blog\\\/\"},{\"@type\":\"ListItem\",\"position\":2,\"name\":\"homeFr\"}]},{\"@type\":\"WebSite\",\"@id\":\"https:\\\/\\\/tevipa.com\\\/blog\\\/#website\",\"url\":\"https:\\\/\\\/tevipa.com\\\/blog\\\/\",\"name\":\"Tele Virtual Patronage\",\"description\":\"Tevipa\",\"publisher\":{\"@id\":\"https:\\\/\\\/tevipa.com\\\/blog\\\/#organization\"},\"potentialAction\":[{\"@type\":\"SearchAction\",\"target\":{\"@type\":\"EntryPoint\",\"urlTemplate\":\"https:\\\/\\\/tevipa.com\\\/blog\\\/?s={search_term_string}\"},\"query-input\":{\"@type\":\"PropertyValueSpecification\",\"valueRequired\":true,\"valueName\":\"search_term_string\"}}],\"inLanguage\":\"it-IT\"},{\"@type\":\"Organization\",\"@id\":\"https:\\\/\\\/tevipa.com\\\/blog\\\/#organization\",\"name\":\"Tele Virtual Patronage\",\"url\":\"https:\\\/\\\/tevipa.com\\\/blog\\\/\",\"logo\":{\"@type\":\"ImageObject\",\"inLanguage\":\"it-IT\",\"@id\":\"https:\\\/\\\/tevipa.com\\\/blog\\\/#\\\/schema\\\/logo\\\/image\\\/\",\"url\":\"https:\\\/\\\/tevipa.com\\\/blog\\\/wp-content\\\/uploads\\\/2025\\\/07\\\/logo512.png\",\"contentUrl\":\"https:\\\/\\\/tevipa.com\\\/blog\\\/wp-content\\\/uploads\\\/2025\\\/07\\\/logo512.png\",\"width\":512,\"height\":512,\"caption\":\"Tele Virtual Patronage\"},\"image\":{\"@id\":\"https:\\\/\\\/tevipa.com\\\/blog\\\/#\\\/schema\\\/logo\\\/image\\\/\"}}]}<\/script>\n<!-- \/ Yoast SEO plugin. -->","yoast_head_json":{"title":"homeFr - Tele Virtual Patronage","description":"D\u00e9couvrez les derniers articles du Tele Virtual Patronage : mod\u00e9lisme, mode et traduction technique r\u00e9unis en un seul espace","robots":{"index":"index","follow":"follow","max-snippet":"max-snippet:-1","max-image-preview":"max-image-preview:large","max-video-preview":"max-video-preview:-1"},"canonical":"https:\/\/tevipa.com\/blog\/fr\/home-fr\/","og_locale":"it_IT","og_type":"article","og_title":"homeFr - Tele Virtual Patronage","og_description":"D\u00e9couvrez les derniers articles du Tele Virtual Patronage : mod\u00e9lisme, mode et traduction technique r\u00e9unis en un seul espace","og_url":"https:\/\/tevipa.com\/blog\/fr\/home-fr\/","og_site_name":"Tele Virtual Patronage","article_modified_time":"2025-10-05T08:15:09+00:00","og_image":[{"url":"https:\/\/tevipa.com\/blog\/wp-content\/uploads\/2025\/07\/cropped-logo512.png","type":"","width":"","height":""}],"twitter_card":"summary_large_image","twitter_misc":{"Tempo di lettura stimato":"1 minuto"},"schema":{"@context":"https:\/\/schema.org","@graph":[{"@type":"WebPage","@id":"https:\/\/tevipa.com\/blog\/fr\/home-fr\/","url":"https:\/\/tevipa.com\/blog\/fr\/home-fr\/","name":"homeFr - Tele Virtual Patronage","isPartOf":{"@id":"https:\/\/tevipa.com\/blog\/#website"},"primaryImageOfPage":{"@id":"https:\/\/tevipa.com\/blog\/fr\/home-fr\/#primaryimage"},"image":{"@id":"https:\/\/tevipa.com\/blog\/fr\/home-fr\/#primaryimage"},"thumbnailUrl":"https:\/\/tevipa.com\/blog\/wp-content\/uploads\/2025\/07\/cropped-logo512.png","datePublished":"2025-09-29T18:02:23+00:00","dateModified":"2025-10-05T08:15:09+00:00","description":"D\u00e9couvrez les derniers articles du Tele Virtual Patronage : mod\u00e9lisme, mode et traduction technique r\u00e9unis en un seul espace","breadcrumb":{"@id":"https:\/\/tevipa.com\/blog\/fr\/home-fr\/#breadcrumb"},"inLanguage":"it-IT","potentialAction":[{"@type":"ReadAction","target":["https:\/\/tevipa.com\/blog\/fr\/home-fr\/"]}]},{"@type":"ImageObject","inLanguage":"it-IT","@id":"https:\/\/tevipa.com\/blog\/fr\/home-fr\/#primaryimage","url":"https:\/\/tevipa.com\/blog\/wp-content\/uploads\/2025\/07\/cropped-logo512.png","contentUrl":"https:\/\/tevipa.com\/blog\/wp-content\/uploads\/2025\/07\/cropped-logo512.png","width":512,"height":512,"caption":"Logo Tele Virtual Patronage"},{"@type":"BreadcrumbList","@id":"https:\/\/tevipa.com\/blog\/fr\/home-fr\/#breadcrumb","itemListElement":[{"@type":"ListItem","position":1,"name":"Home","item":"https:\/\/tevipa.com\/blog\/"},{"@type":"ListItem","position":2,"name":"homeFr"}]},{"@type":"WebSite","@id":"https:\/\/tevipa.com\/blog\/#website","url":"https:\/\/tevipa.com\/blog\/","name":"Tele Virtual Patronage","description":"Tevipa","publisher":{"@id":"https:\/\/tevipa.com\/blog\/#organization"},"potentialAction":[{"@type":"SearchAction","target":{"@type":"EntryPoint","urlTemplate":"https:\/\/tevipa.com\/blog\/?s={search_term_string}"},"query-input":{"@type":"PropertyValueSpecification","valueRequired":true,"valueName":"search_term_string"}}],"inLanguage":"it-IT"},{"@type":"Organization","@id":"https:\/\/tevipa.com\/blog\/#organization","name":"Tele Virtual Patronage","url":"https:\/\/tevipa.com\/blog\/","logo":{"@type":"ImageObject","inLanguage":"it-IT","@id":"https:\/\/tevipa.com\/blog\/#\/schema\/logo\/image\/","url":"https:\/\/tevipa.com\/blog\/wp-content\/uploads\/2025\/07\/logo512.png","contentUrl":"https:\/\/tevipa.com\/blog\/wp-content\/uploads\/2025\/07\/logo512.png","width":512,"height":512,"caption":"Tele Virtual Patronage"},"image":{"@id":"https:\/\/tevipa.com\/blog\/#\/schema\/logo\/image\/"}}]}},"_links":{"self":[{"href":"https:\/\/tevipa.com\/blog\/wp-json\/wp\/v2\/pages\/1593","targetHints":{"allow":["GET"]}}],"collection":[{"href":"https:\/\/tevipa.com\/blog\/wp-json\/wp\/v2\/pages"}],"about":[{"href":"https:\/\/tevipa.com\/blog\/wp-json\/wp\/v2\/types\/page"}],"author":[{"embeddable":true,"href":"https:\/\/tevipa.com\/blog\/wp-json\/wp\/v2\/users\/1"}],"replies":[{"embeddable":true,"href":"https:\/\/tevipa.com\/blog\/wp-json\/wp\/v2\/comments?post=1593"}],"version-history":[{"count":9,"href":"https:\/\/tevipa.com\/blog\/wp-json\/wp\/v2\/pages\/1593\/revisions"}],"predecessor-version":[{"id":2057,"href":"https:\/\/tevipa.com\/blog\/wp-json\/wp\/v2\/pages\/1593\/revisions\/2057"}],"wp:attachment":[{"href":"https:\/\/tevipa.com\/blog\/wp-json\/wp\/v2\/media?parent=1593"}],"curies":[{"name":"wp","href":"https:\/\/api.w.org\/{rel}","templated":true}]}}